{"id":1447,"date":"2013-11-17T13:25:56","date_gmt":"2013-11-17T11:25:56","guid":{"rendered":"http:\/\/svangern.de\/?page_id=1447"},"modified":"2017-04-05T10:58:13","modified_gmt":"2017-04-05T08:58:13","slug":"2005-2","status":"publish","type":"page","link":"http:\/\/svangern.de\/?page_id=1447","title":{"rendered":"2005"},"content":{"rendered":"<p>&nbsp;<\/p>\n<table style=\"width: 100%;\" border=\"0\">\n<tbody>\n<tr>\n<th align=\"left\" width=\"120,\" height=\"40,\">Datum<\/th>\n<th>Meldung<\/th>\n<\/tr>\n<tr>\n<td align=\"left\" valign=\"top\" width=\"120,\"><b>10.12.05<\/b><\/td>\n<td>Weihnachtsfeier zusammen mit den Abteilungen Fu\u00dfball, Laufgruppe und Tischtennis in der Gastst\u00e4tte &#8222;Zur Sonne&#8220; in Angern<\/td>\n<\/tr>\n<tr>\n<td align=\"left\" valign=\"top\" width=\"120,\"><b>02.10.05<\/b><\/td>\n<td>\n<p>Herbstausritt mit 16 Pferden an der alten Elbe entlang nach Bertingen<\/p>\n<p>&nbsp;<\/td>\n<\/tr>\n<tr>\n<td align=\"left\" valign=\"top\" width=\"120,\"><b>26.-28.08.05<\/b><\/td>\n<td>Das 9. Reitturnier vom 26.-28. August 2005 auf dem Reitplatz in Angern war f\u00fcr Zuschauer und Teilnehmer wieder ein unverge\u00dflicher sportlicher H\u00f6hepunkt. An den 3 Turniertagen gingen mehr als 270 Pferde in 10 Springpr\u00fcfungen an den Start. Erstmals in diesem Jahr fand am Samstagabend ein Flutlichtspringen statt, da\u00df auch bei den Zuschauern sehr guten Anklang fand. H\u00f6hepunkt des Turnierwochenendes war am Sonntagnachmittag das M-Springen &#8222;Gro\u00dfer Preis von Angern&#8220;, f\u00fcr das der B\u00fcrgermeister die Schirmherrschaft \u00fcbernommen hatte. In einer erstmals durchgef\u00fchrten F\u00fchrz\u00fcgelpr\u00fcfung konnten junge Reiter ihre Sattelfestigkeit unter Beweis stellen. Beim anschlie\u00dfenden Schauprogramm stellten sich 12 Einsp\u00e4nner und 6 Zweisp\u00e4nner aus der n\u00e4heren Umgebung einer Geschicklichkeitspr\u00fcfung im Fahren.<\/td>\n<\/tr>\n<tr>\n<td align=\"left\" valign=\"top\" width=\"120,\"><b>01.05.05<\/b><\/td>\n<td>\n<p>Im Rahmen des traditionellen Volkssporttages fand auf dem Reitplatz ein Reit- und Fahrnachmittag mit Springpr\u00fcfungen, Dressurquadrille und Gespannfahren statt.<img decoding=\"async\" src=\"http:\/\/svangern.de\/alteseite\/reiten\/aktuelles\/1.mai2005.jpg\" alt=\"1. Mai 2005\" border=\"1\" \/><\/p>\n<p>&nbsp;<\/td>\n<\/tr>\n<tr>\n<td align=\"left\" valign=\"top\" width=\"120,\"><b>19.03.05<\/b><\/td>\n<td>\n<p>Ab Mitte M\u00e4rz finden wieder regelm\u00e4\u00dfig Arbeitseins\u00e4tze statt &#8211; der Bau des Ger\u00e4tehauses geht weiter und Stangen werden gestrichen<img decoding=\"async\" src=\"http:\/\/svangern.de\/alteseite\/reiten\/aktuelles\/bau_geraetehaus23.jpg\" alt=\"Bau Geraetehaus\" border=\"1\" \/> <img decoding=\"async\" src=\"http:\/\/svangern.de\/alteseite\/reiten\/aktuelles\/bau_geraetehaus24.jpg\" alt=\"Bau Geraetehaus\" border=\"1\" \/> <img decoding=\"async\" src=\"http:\/\/svangern.de\/alteseite\/reiten\/aktuelles\/bau_geraetehaus25.jpg\" alt=\"Bau Geraetehaus\" border=\"1\" \/> <img decoding=\"async\" src=\"http:\/\/svangern.de\/alteseite\/reiten\/aktuelles\/bau_geraetehaus26.jpg\" alt=\"Bau Geraetehaus\" border=\"1\" \/> <img decoding=\"async\" src=\"http:\/\/svangern.de\/alteseite\/reiten\/aktuelles\/bau_geraetehaus27.jpg\" alt=\"Bau Geraetehaus\" border=\"1\" \/> <img decoding=\"async\" src=\"http:\/\/svangern.de\/alteseite\/reiten\/aktuelles\/bau_geraetehaus28.jpg\" alt=\"Bau Geraetehaus\" border=\"1\" \/> <img decoding=\"async\" src=\"http:\/\/svangern.de\/alteseite\/reiten\/aktuelles\/bau_geraetehaus29.jpg\" alt=\"Bau Geraetehaus\" border=\"1\" \/> <img decoding=\"async\" src=\"http:\/\/svangern.de\/alteseite\/reiten\/aktuelles\/bau_geraetehaus30.jpg\" alt=\"Bau Geraetehaus\" border=\"1\" \/> <img decoding=\"async\" src=\"http:\/\/svangern.de\/alteseite\/reiten\/aktuelles\/bau_geraetehaus31.jpg\" alt=\"Bau Geraetehaus\" border=\"1\" \/> <img decoding=\"async\" src=\"http:\/\/svangern.de\/alteseite\/reiten\/aktuelles\/bau_geraetehaus32.jpg\" alt=\"Bau Geraetehaus\" border=\"1\" \/><\/p>\n<p>&nbsp;<\/td>\n<\/tr>\n<tr>\n<td align=\"left\" valign=\"top\" width=\"120,\"><b>22.01.05<\/b><\/td>\n<td>Busfahrt der Abteilung Reiten zur Messe Partner Pferd 2005 in Leipzig, Besuch der Wernesgr\u00fcner Pferdenacht mit Wernesgr\u00fcner Zeitspringen (international), Showprogramm, einer internationalen Gruppenspringpr\u00fcfung und der anschlie\u00dfenden Wernesgr\u00fcner Parcoursparty<img decoding=\"async\" src=\"http:\/\/svangern.de\/alteseite\/reiten\/aktuelles\/leipzig_gruppenfoto.jpg\" alt=\"Partner Pferd Leipzig 2005\" border=\"1\" \/> <img decoding=\"async\" src=\"http:\/\/svangern.de\/alteseite\/reiten\/aktuelles\/leipzig_bierwagen.GIF\" alt=\"Partner Pferd Leipzig 2005\" border=\"1\" \/> <img decoding=\"async\" src=\"http:\/\/svangern.de\/alteseite\/reiten\/aktuelles\/leipzig_party.jpg\" alt=\"Partner Pferd Leipzig 2005\" border=\"1\" \/><\/td>\n<\/tr>\n<\/tbody>\n<\/table>\n<p><\/p>\n","protected":false},"excerpt":{"rendered":"<p>&nbsp; Datum Meldung 10.12.05 Weihnachtsfeier zusammen mit den Abteilungen Fu\u00dfball, Laufgruppe und Tischtennis in der Gastst\u00e4tte &#8222;Zur Sonne&#8220; in Angern 02.10.05 Herbstausritt mit 16 Pferden an der alten Elbe entlang nach Bertingen &nbsp; 26.-28.08.05 Das 9. Reitturnier vom 26.-28. August 2005 auf dem Reitplatz in Angern war f\u00fcr Zuschauer und Teilnehmer wieder ein unverge\u00dflicher sportlicher [&hellip;]<\/p>\n","protected":false},"author":1,"featured_media":0,"parent":72,"menu_order":18,"comment_status":"closed","ping_status":"closed","template":"","meta":{"ocean_post_layout":"","ocean_both_sidebars_style":"","ocean_both_sidebars_content_width":0,"ocean_both_sidebars_sidebars_width":0,"ocean_sidebar":"","ocean_second_sidebar":"","ocean_disable_margins":"enable","ocean_add_body_class":"","ocean_shortcode_before_top_bar":"","ocean_shortcode_after_top_bar":"","ocean_shortcode_before_header":"","ocean_shortcode_after_header":"","ocean_has_shortcode":"","ocean_shortcode_after_title":"","ocean_shortcode_before_footer_widgets":"","ocean_shortcode_after_footer_widgets":"","ocean_shortcode_before_footer_bottom":"","ocean_shortcode_after_footer_bottom":"","ocean_display_top_bar":"default","ocean_display_header":"default","ocean_header_style":"","ocean_center_header_left_menu":"","ocean_custom_header_template":"","ocean_custom_logo":0,"ocean_custom_retina_logo":0,"ocean_custom_logo_max_width":0,"ocean_custom_logo_tablet_max_width":0,"ocean_custom_logo_mobile_max_width":0,"ocean_custom_logo_max_height":0,"ocean_custom_logo_tablet_max_height":0,"ocean_custom_logo_mobile_max_height":0,"ocean_header_custom_menu":"","ocean_menu_typo_font_family":"","ocean_menu_typo_font_subset":"","ocean_menu_typo_font_size":0,"ocean_menu_typo_font_size_tablet":0,"ocean_menu_typo_font_size_mobile":0,"ocean_menu_typo_font_size_unit":"px","ocean_menu_typo_font_weight":"","ocean_menu_typo_font_weight_tablet":"","ocean_menu_typo_font_weight_mobile":"","ocean_menu_typo_transform":"","ocean_menu_typo_transform_tablet":"","ocean_menu_typo_transform_mobile":"","ocean_menu_typo_line_height":0,"ocean_menu_typo_line_height_tablet":0,"ocean_menu_typo_line_height_mobile":0,"ocean_menu_typo_line_height_unit":"","ocean_menu_typo_spacing":0,"ocean_menu_typo_spacing_tablet":0,"ocean_menu_typo_spacing_mobile":0,"ocean_menu_typo_spacing_unit":"","ocean_menu_link_color":"","ocean_menu_link_color_hover":"","ocean_menu_link_color_active":"","ocean_menu_link_background":"","ocean_menu_link_hover_background":"","ocean_menu_link_active_background":"","ocean_menu_social_links_bg":"","ocean_menu_social_hover_links_bg":"","ocean_menu_social_links_color":"","ocean_menu_social_hover_links_color":"","ocean_disable_title":"default","ocean_disable_heading":"default","ocean_post_title":"","ocean_post_subheading":"","ocean_post_title_style":"","ocean_post_title_background_color":"","ocean_post_title_background":0,"ocean_post_title_bg_image_position":"","ocean_post_title_bg_image_attachment":"","ocean_post_title_bg_image_repeat":"","ocean_post_title_bg_image_size":"","ocean_post_title_height":0,"ocean_post_title_bg_overlay":0.5,"ocean_post_title_bg_overlay_color":"","ocean_disable_breadcrumbs":"default","ocean_breadcrumbs_color":"","ocean_breadcrumbs_separator_color":"","ocean_breadcrumbs_links_color":"","ocean_breadcrumbs_links_hover_color":"","ocean_display_footer_widgets":"default","ocean_display_footer_bottom":"default","ocean_custom_footer_template":"","footnotes":""},"class_list":["post-1447","page","type-page","status-publish","hentry","entry"],"_links":{"self":[{"href":"http:\/\/svangern.de\/index.php?rest_route=\/wp\/v2\/pages\/1447","targetHints":{"allow":["GET"]}}],"collection":[{"href":"http:\/\/svangern.de\/index.php?rest_route=\/wp\/v2\/pages"}],"about":[{"href":"http:\/\/svangern.de\/index.php?rest_route=\/wp\/v2\/types\/page"}],"author":[{"embeddable":true,"href":"http:\/\/svangern.de\/index.php?rest_route=\/wp\/v2\/users\/1"}],"replies":[{"embeddable":true,"href":"http:\/\/svangern.de\/index.php?rest_route=%2Fwp%2Fv2%2Fcomments&post=1447"}],"version-history":[{"count":3,"href":"http:\/\/svangern.de\/index.php?rest_route=\/wp\/v2\/pages\/1447\/revisions"}],"predecessor-version":[{"id":7924,"href":"http:\/\/svangern.de\/index.php?rest_route=\/wp\/v2\/pages\/1447\/revisions\/7924"}],"up":[{"embeddable":true,"href":"http:\/\/svangern.de\/index.php?rest_route=\/wp\/v2\/pages\/72"}],"wp:attachment":[{"href":"http:\/\/svangern.de\/index.php?rest_route=%2Fwp%2Fv2%2Fmedia&parent=1447"}],"curies":[{"name":"wp","href":"https:\/\/api.w.org\/{rel}","templated":true}]}}