{"id":43,"date":"2013-04-19T04:09:31","date_gmt":"2013-04-19T02:09:31","guid":{"rendered":"http:\/\/svangern.de\/wordpress\/?page_id=43"},"modified":"2019-04-11T17:21:13","modified_gmt":"2019-04-11T15:21:13","slug":"aktuelles","status":"publish","type":"page","link":"http:\/\/svangern.de\/?page_id=43","title":{"rendered":"Aktuelles"},"content":{"rendered":"<p>aktuelle Termine des SV Angern f\u00fcr das Jahr 2019:<\/p>\r\n<table style=\"height: 625px;\">\r\n<tbody>\r\n<tr style=\"height: 32px;\">\r\n<td style=\"height: 32px; width: 101px;\">06.01.2019<\/td>\r\n<td style=\"height: 32px; width: 374px;\">Vorstandswanderung<\/td>\r\n<\/tr>\r\n<tr style=\"height: 32px;\">\r\n<td style=\"height: 32px; width: 101px;\">22.02.2019\u00a0<\/td>\r\n<td style=\"height: 32px; width: 374px;\">Hallenvolleyballturnier<\/td>\r\n<\/tr>\r\n<tr style=\"height: 32px;\">\r\n<td style=\"height: 32px; width: 101px;\">02.03.2019<\/td>\r\n<td style=\"height: 32px; width: 374px;\"><a href=\"http:\/\/svangern.de\/wp-content\/uploads\/2019\/01\/Ausschreibung_Gl%C3%BChweinlauf_2019.pdf\"><span style=\"color: #ff0000;\">Gl\u00fchweinlauf<\/span><\/a><\/td>\r\n<\/tr>\r\n<tr style=\"height: 32px;\">\r\n<td style=\"height: 32px; width: 101px;\">09.03.2019<\/td>\r\n<td style=\"height: 32px; width: 374px;\">Kegelturnier der Abteilungen<\/td>\r\n<\/tr>\r\n<tr style=\"height: 32px;\">\r\n<td style=\"height: 32px; width: 101px;\">27.03.2019<\/td>\r\n<td style=\"height: 32px; width: 374px;\">Mitgliederversammlung inkl. Satzungs\u00e4nderung<\/td>\r\n<\/tr>\r\n<tr style=\"height: 32px;\">\r\n<td style=\"height: 32px; width: 101px;\">27.04.2019<\/td>\r\n<td style=\"height: 32px; width: 374px;\">Arbeitseinsatz im Fr\u00fchling<\/td>\r\n<\/tr>\r\n<tr style=\"height: 32px;\">\r\n<td style=\"height: 32px; width: 101px;\">01.05.2019<\/td>\r\n<td style=\"height: 32px; width: 374px;\"><a href=\"http:\/\/svangern.de\/wp-content\/uploads\/2019\/04\/1-Mai-2019_neu.pdf\"><span style=\"color: #ff0000;\">Volkssporttag<\/span><\/a> und <a href=\"http:\/\/svangern.de\/wp-content\/uploads\/2019\/01\/Ausschreibung_Krepe_Cross_2019.pdf\"><span style=\"color: #ff0000;\">Krepecross<\/span><\/a><\/td>\r\n<\/tr>\r\n<tr style=\"height: 88px;\">\r\n<td style=\"height: 88px; width: 101px;\">22.05.2019\/\u00a0\u00a0 <br \/>29.05.2019\/<br \/>05.06.2019<\/td>\r\n<td style=\"height: 88px; width: 374px;\">Abnahme Schwimmdisziplin (Zielitz)<\/td>\r\n<\/tr>\r\n<tr style=\"height: 32px;\">\r\n<td style=\"height: 10px; width: 101px;\">22.06.2019<\/td>\r\n<td style=\"height: 10px; width: 374px;\">\r\n<p>Abnahme Sportabzeichen \/ Kindersportfest<\/p>\r\n<\/td>\r\n<\/tr>\r\n<tr style=\"height: 31px;\">\r\n<td style=\"width: 101px; height: 51px;\">29.06.2019<\/td>\r\n<td style=\"width: 374px; height: 51px;\">\r\n<p>Sommervolleyballturnier<\/p>\r\n<\/td>\r\n<\/tr>\r\n<tr style=\"height: 60px;\">\r\n<td style=\"height: 60px; width: 101px;\">14.09.2019\/<br \/>15.09.2019<\/td>\r\n<td style=\"height: 60px; width: 374px;\">Reitturnier<\/td>\r\n<\/tr>\r\n<tr style=\"height: 32px;\">\r\n<td style=\"height: 32px; width: 101px;\">21.09.2019<\/td>\r\n<td style=\"height: 32px; width: 374px;\">Dartturnier<\/td>\r\n<\/tr>\r\n<tr style=\"height: 32px;\">\r\n<td style=\"height: 32px; width: 101px;\">19.10.2019<\/td>\r\n<td style=\"height: 32px; width: 374px;\">Arbeitseinsatz im Herbst<\/td>\r\n<\/tr>\r\n<tr style=\"height: 32px;\">\r\n<td style=\"height: 32px; width: 101px;\">26.10.2019<\/td>\r\n<td style=\"height: 32px; width: 374px;\">Sportlerball<\/td>\r\n<\/tr>\r\n<tr style=\"height: 32px;\">\r\n<td style=\"height: 32px; width: 101px;\">30.10.2019<\/td>\r\n<td style=\"height: 32px; width: 374px;\">Tischtennisturnier<\/td>\r\n<\/tr>\r\n<tr style=\"height: 32px;\">\r\n<td style=\"height: 32px; width: 101px;\">\u00a0<\/td>\r\n<td style=\"height: 32px; width: 374px;\">\u00a0<\/td>\r\n<\/tr>\r\n<tr style=\"height: 32px;\">\r\n<td style=\"height: 32px; width: 101px;\">\u00a0<\/td>\r\n<td style=\"height: 32px; width: 374px;\">\u00a0<\/td>\r\n<\/tr>\r\n<\/tbody>\r\n<\/table>\r\n\r\n<p>&nbsp;<\/p>\r\n","protected":false},"excerpt":{"rendered":"<p>aktuelle Termine des SV Angern f\u00fcr das Jahr 2019: 06.01.2019 Vorstandswanderung 22.02.2019\u00a0 Hallenvolleyballturnier 02.03.2019 Gl\u00fchweinlauf 09.03.2019 Kegelturnier der Abteilungen 27.03.2019 Mitgliederversammlung inkl. Satzungs\u00e4nderung 27.04.2019 Arbeitseinsatz im Fr\u00fchling 01.05.2019 Volkssporttag und Krepecross 22.05.2019\/\u00a0\u00a0 29.05.2019\/05.06.2019 Abnahme Schwimmdisziplin (Zielitz) 22.06.2019 Abnahme Sportabzeichen \/ Kindersportfest 29.06.2019 Sommervolleyballturnier 14.09.2019\/15.09.2019 Reitturnier 21.09.2019 Dartturnier 19.10.2019 Arbeitseinsatz im Herbst 26.10.2019 Sportlerball 30.10.2019 Tischtennisturnier [&hellip;]<\/p>\n","protected":false},"author":1,"featured_media":0,"parent":8,"menu_order":1,"comment_status":"closed","ping_status":"closed","template":"","meta":{"ocean_post_layout":"","ocean_both_sidebars_style":"","ocean_both_sidebars_content_width":0,"ocean_both_sidebars_sidebars_width":0,"ocean_sidebar":"","ocean_second_sidebar":"","ocean_disable_margins":"enable","ocean_add_body_class":"","ocean_shortcode_before_top_bar":"","ocean_shortcode_after_top_bar":"","ocean_shortcode_before_header":"","ocean_shortcode_after_header":"","ocean_has_shortcode":"","ocean_shortcode_after_title":"","ocean_shortcode_before_footer_widgets":"","ocean_shortcode_after_footer_widgets":"","ocean_shortcode_before_footer_bottom":"","ocean_shortcode_after_footer_bottom":"","ocean_display_top_bar":"default","ocean_display_header":"default","ocean_header_style":"","ocean_center_header_left_menu":"","ocean_custom_header_template":"","ocean_custom_logo":0,"ocean_custom_retina_logo":0,"ocean_custom_logo_max_width":0,"ocean_custom_logo_tablet_max_width":0,"ocean_custom_logo_mobile_max_width":0,"ocean_custom_logo_max_height":0,"ocean_custom_logo_tablet_max_height":0,"ocean_custom_logo_mobile_max_height":0,"ocean_header_custom_menu":"","ocean_menu_typo_font_family":"","ocean_menu_typo_font_subset":"","ocean_menu_typo_font_size":0,"ocean_menu_typo_font_size_tablet":0,"ocean_menu_typo_font_size_mobile":0,"ocean_menu_typo_font_size_unit":"px","ocean_menu_typo_font_weight":"","ocean_menu_typo_font_weight_tablet":"","ocean_menu_typo_font_weight_mobile":"","ocean_menu_typo_transform":"","ocean_menu_typo_transform_tablet":"","ocean_menu_typo_transform_mobile":"","ocean_menu_typo_line_height":0,"ocean_menu_typo_line_height_tablet":0,"ocean_menu_typo_line_height_mobile":0,"ocean_menu_typo_line_height_unit":"","ocean_menu_typo_spacing":0,"ocean_menu_typo_spacing_tablet":0,"ocean_menu_typo_spacing_mobile":0,"ocean_menu_typo_spacing_unit":"","ocean_menu_link_color":"","ocean_menu_link_color_hover":"","ocean_menu_link_color_active":"","ocean_menu_link_background":"","ocean_menu_link_hover_background":"","ocean_menu_link_active_background":"","ocean_menu_social_links_bg":"","ocean_menu_social_hover_links_bg":"","ocean_menu_social_links_color":"","ocean_menu_social_hover_links_color":"","ocean_disable_title":"default","ocean_disable_heading":"default","ocean_post_title":"","ocean_post_subheading":"","ocean_post_title_style":"","ocean_post_title_background_color":"","ocean_post_title_background":0,"ocean_post_title_bg_image_position":"","ocean_post_title_bg_image_attachment":"","ocean_post_title_bg_image_repeat":"","ocean_post_title_bg_image_size":"","ocean_post_title_height":0,"ocean_post_title_bg_overlay":0.5,"ocean_post_title_bg_overlay_color":"","ocean_disable_breadcrumbs":"default","ocean_breadcrumbs_color":"","ocean_breadcrumbs_separator_color":"","ocean_breadcrumbs_links_color":"","ocean_breadcrumbs_links_hover_color":"","ocean_display_footer_widgets":"default","ocean_display_footer_bottom":"default","ocean_custom_footer_template":"","footnotes":""},"class_list":["post-43","page","type-page","status-publish","hentry","entry"],"_links":{"self":[{"href":"http:\/\/svangern.de\/index.php?rest_route=\/wp\/v2\/pages\/43","targetHints":{"allow":["GET"]}}],"collection":[{"href":"http:\/\/svangern.de\/index.php?rest_route=\/wp\/v2\/pages"}],"about":[{"href":"http:\/\/svangern.de\/index.php?rest_route=\/wp\/v2\/types\/page"}],"author":[{"embeddable":true,"href":"http:\/\/svangern.de\/index.php?rest_route=\/wp\/v2\/users\/1"}],"replies":[{"embeddable":true,"href":"http:\/\/svangern.de\/index.php?rest_route=%2Fwp%2Fv2%2Fcomments&post=43"}],"version-history":[{"count":74,"href":"http:\/\/svangern.de\/index.php?rest_route=\/wp\/v2\/pages\/43\/revisions"}],"predecessor-version":[{"id":14069,"href":"http:\/\/svangern.de\/index.php?rest_route=\/wp\/v2\/pages\/43\/revisions\/14069"}],"up":[{"embeddable":true,"href":"http:\/\/svangern.de\/index.php?rest_route=\/wp\/v2\/pages\/8"}],"wp:attachment":[{"href":"http:\/\/svangern.de\/index.php?rest_route=%2Fwp%2Fv2%2Fmedia&parent=43"}],"curies":[{"name":"wp","href":"https:\/\/api.w.org\/{rel}","templated":true}]}}

<p>aktuelle Termine des SV Angern für das Jahr 2019:</p>
<table style="height: 625px;">
<tbody>
<tr style="height: 32px;">
<td style="height: 32px; width: 101px;">06.01.2019</td>
<td style="height: 32px; width: 374px;">Vorstandswanderung</td>
</tr>
<tr style="height: 32px;">
<td style="height: 32px; width: 101px;">22.02.2019 </td>
<td style="height: 32px; width: 374px;">Hallenvolleyballturnier</td>
</tr>
<tr style="height: 32px;">
<td style="height: 32px; width: 101px;">02.03.2019</td>
<td style="height: 32px; width: 374px;"><a href="http://svangern.de/wp-content/uploads/2019/01/Ausschreibung_Gl%C3%BChweinlauf_2019.pdf"><span style="color: #ff0000;">Glühweinlauf</span></a></td>
</tr>
<tr style="height: 32px;">
<td style="height: 32px; width: 101px;">09.03.2019</td>
<td style="height: 32px; width: 374px;">Kegelturnier der Abteilungen</td>
</tr>
<tr style="height: 32px;">
<td style="height: 32px; width: 101px;">27.03.2019</td>
<td style="height: 32px; width: 374px;">Mitgliederversammlung inkl. Satzungsänderung</td>
</tr>
<tr style="height: 32px;">
<td style="height: 32px; width: 101px;">27.04.2019</td>
<td style="height: 32px; width: 374px;">Arbeitseinsatz im Frühling</td>
</tr>
<tr style="height: 32px;">
<td style="height: 32px; width: 101px;">01.05.2019</td>
<td style="height: 32px; width: 374px;"><a href="http://svangern.de/wp-content/uploads/2019/04/1-Mai-2019_neu.pdf"><span style="color: #ff0000;">Volkssporttag</span></a> und <a href="http://svangern.de/wp-content/uploads/2019/01/Ausschreibung_Krepe_Cross_2019.pdf"><span style="color: #ff0000;">Krepecross</span></a></td>
</tr>
<tr style="height: 88px;">
<td style="height: 88px; width: 101px;">22.05.2019/   <br />29.05.2019/<br />05.06.2019</td>
<td style="height: 88px; width: 374px;">Abnahme Schwimmdisziplin (Zielitz)</td>
</tr>
<tr style="height: 32px;">
<td style="height: 10px; width: 101px;">22.06.2019</td>
<td style="height: 10px; width: 374px;">
<p>Abnahme Sportabzeichen / Kindersportfest</p>
</td>
</tr>
<tr style="height: 31px;">
<td style="width: 101px; height: 51px;">29.06.2019</td>
<td style="width: 374px; height: 51px;">
<p>Sommervolleyballturnier</p>
</td>
</tr>
<tr style="height: 60px;">
<td style="height: 60px; width: 101px;">14.09.2019/<br />15.09.2019</td>
<td style="height: 60px; width: 374px;">Reitturnier</td>
</tr>
<tr style="height: 32px;">
<td style="height: 32px; width: 101px;">21.09.2019</td>
<td style="height: 32px; width: 374px;">Dartturnier</td>
</tr>
<tr style="height: 32px;">
<td style="height: 32px; width: 101px;">19.10.2019</td>
<td style="height: 32px; width: 374px;">Arbeitseinsatz im Herbst</td>
</tr>
<tr style="height: 32px;">
<td style="height: 32px; width: 101px;">26.10.2019</td>
<td style="height: 32px; width: 374px;">Sportlerball</td>
</tr>
<tr style="height: 32px;">
<td style="height: 32px; width: 101px;">30.10.2019</td>
<td style="height: 32px; width: 374px;">Tischtennisturnier</td>
</tr>
<tr style="height: 32px;">
<td style="height: 32px; width: 101px;"> </td>
<td style="height: 32px; width: 374px;"> </td>
</tr>
<tr style="height: 32px;">
<td style="height: 32px; width: 101px;"> </td>
<td style="height: 32px; width: 374px;"> </td>
</tr>
</tbody>
</table>

<p>&nbsp;</p>

<p>aktuelle Termine des SV Angern für das Jahr 2019: 06.01.2019 Vorstandswanderung 22.02.2019  Hallenvolleyballturnier 02.03.2019 Glühweinlauf 09.03.2019 Kegelturnier der Abteilungen 27.03.2019 Mitgliederversammlung inkl. Satzungsänderung 27.04.2019 Arbeitseinsatz im Frühling 01.05.2019 Volkssporttag und Krepecross 22.05.2019/   29.05.2019/05.06.2019 Abnahme Schwimmdisziplin (Zielitz) 22.06.2019 Abnahme Sportabzeichen / Kindersportfest 29.06.2019 Sommervolleyballturnier 14.09.2019/15.09.2019 Reitturnier 21.09.2019 Dartturnier 19.10.2019 Arbeitseinsatz im Herbst 26.10.2019 Sportlerball 30.10.2019 Tischtennisturnier [&hellip;]</p>
