{"id":621,"date":"2013-08-15T05:29:45","date_gmt":"2013-08-15T03:29:45","guid":{"rendered":"http:\/\/svangern.de\/wordpress\/?page_id=621"},"modified":"2016-03-01T21:33:44","modified_gmt":"2016-03-01T19:33:44","slug":"2005-2","status":"publish","type":"page","link":"http:\/\/svangern.de\/?page_id=621","title":{"rendered":"2005"},"content":{"rendered":"<h4>Erfolgreichste L\u00e4ufer 2005<\/h4>\n<p>Seit 2005 nimmt die Laufgruppe Angern am Stendaler L\u00e4ufercup teil.<\/p>\n<p>Der L\u00e4ufer-Cup im Landkreis Stendal ist eine Initiative, die von den Sportvereinen Laufgruppe Haeder, SC Demker, Elbeblitze &#8211; Griebener SV, dem Tangerm\u00fcnder LV und der Laufgruppe des SV Angern getragen wird. Dazu wurde extra f\u00fcr uns ganz unb\u00fcrokratisch eine &#8222;Gebietsreform&#8220; vorgenommen und wir wurden 2005 in die Cupwertung aufgenommen.<\/p>\n<p>Im Jahr 2005 fanden 17 L\u00e4ufe statt. Hier die Ergebnisse der Laufgruppe Angern:<\/p>\n<p>&#8211; 9 Teilnahmen: K\u00fchnel, Nadine<br \/>\n&#8211; 9 Teilnahmen: K\u00fchnel, Michael<br \/>\n&#8211; 9 Teilnahmen: Otte, Mario<\/p>\n<p>&#8211; 8 Teilnahmen: Bruschek, Andre<br \/>\n&#8211; 8 Teilnahmen: Bruschek, Gerlind<br \/>\n&#8211; 8 Teilnahmen: K\u00fchnel, Gabriela<\/p>\n<p>&#8211; 6 Teilnahmen: Pasche, Olaf<\/p>\n<p>&#8211; 5 Teilnahmen: Hecht, Friederike<\/p>\n","protected":false},"excerpt":{"rendered":"<p>Erfolgreichste L\u00e4ufer 2005 Seit 2005 nimmt die Laufgruppe Angern am Stendaler L\u00e4ufercup teil. Der L\u00e4ufer-Cup im Landkreis Stendal ist eine Initiative, die von den Sportvereinen Laufgruppe Haeder, SC Demker, Elbeblitze &#8211; Griebener SV, dem Tangerm\u00fcnder LV und der Laufgruppe des SV Angern getragen wird. Dazu wurde extra f\u00fcr uns ganz unb\u00fcrokratisch eine &#8222;Gebietsreform&#8220; vorgenommen und [&hellip;]<\/p>\n","protected":false},"author":1,"featured_media":0,"parent":138,"menu_order":11,"comment_status":"closed","ping_status":"closed","template":"","meta":{"ocean_post_layout":"","ocean_both_sidebars_style":"","ocean_both_sidebars_content_width":0,"ocean_both_sidebars_sidebars_width":0,"ocean_sidebar":"","ocean_second_sidebar":"","ocean_disable_margins":"enable","ocean_add_body_class":"","ocean_shortcode_before_top_bar":"","ocean_shortcode_after_top_bar":"","ocean_shortcode_before_header":"","ocean_shortcode_after_header":"","ocean_has_shortcode":"","ocean_shortcode_after_title":"","ocean_shortcode_before_footer_widgets":"","ocean_shortcode_after_footer_widgets":"","ocean_shortcode_before_footer_bottom":"","ocean_shortcode_after_footer_bottom":"","ocean_display_top_bar":"default","ocean_display_header":"default","ocean_header_style":"","ocean_center_header_left_menu":"","ocean_custom_header_template":"","ocean_custom_logo":0,"ocean_custom_retina_logo":0,"ocean_custom_logo_max_width":0,"ocean_custom_logo_tablet_max_width":0,"ocean_custom_logo_mobile_max_width":0,"ocean_custom_logo_max_height":0,"ocean_custom_logo_tablet_max_height":0,"ocean_custom_logo_mobile_max_height":0,"ocean_header_custom_menu":"","ocean_menu_typo_font_family":"","ocean_menu_typo_font_subset":"","ocean_menu_typo_font_size":0,"ocean_menu_typo_font_size_tablet":0,"ocean_menu_typo_font_size_mobile":0,"ocean_menu_typo_font_size_unit":"px","ocean_menu_typo_font_weight":"","ocean_menu_typo_font_weight_tablet":"","ocean_menu_typo_font_weight_mobile":"","ocean_menu_typo_transform":"","ocean_menu_typo_transform_tablet":"","ocean_menu_typo_transform_mobile":"","ocean_menu_typo_line_height":0,"ocean_menu_typo_line_height_tablet":0,"ocean_menu_typo_line_height_mobile":0,"ocean_menu_typo_line_height_unit":"","ocean_menu_typo_spacing":0,"ocean_menu_typo_spacing_tablet":0,"ocean_menu_typo_spacing_mobile":0,"ocean_menu_typo_spacing_unit":"","ocean_menu_link_color":"","ocean_menu_link_color_hover":"","ocean_menu_link_color_active":"","ocean_menu_link_background":"","ocean_menu_link_hover_background":"","ocean_menu_link_active_background":"","ocean_menu_social_links_bg":"","ocean_menu_social_hover_links_bg":"","ocean_menu_social_links_color":"","ocean_menu_social_hover_links_color":"","ocean_disable_title":"default","ocean_disable_heading":"default","ocean_post_title":"","ocean_post_subheading":"","ocean_post_title_style":"","ocean_post_title_background_color":"","ocean_post_title_background":0,"ocean_post_title_bg_image_position":"","ocean_post_title_bg_image_attachment":"","ocean_post_title_bg_image_repeat":"","ocean_post_title_bg_image_size":"","ocean_post_title_height":0,"ocean_post_title_bg_overlay":0.5,"ocean_post_title_bg_overlay_color":"","ocean_disable_breadcrumbs":"default","ocean_breadcrumbs_color":"","ocean_breadcrumbs_separator_color":"","ocean_breadcrumbs_links_color":"","ocean_breadcrumbs_links_hover_color":"","ocean_display_footer_widgets":"default","ocean_display_footer_bottom":"default","ocean_custom_footer_template":"","footnotes":""},"class_list":["post-621","page","type-page","status-publish","hentry","entry"],"_links":{"self":[{"href":"http:\/\/svangern.de\/index.php?rest_route=\/wp\/v2\/pages\/621","targetHints":{"allow":["GET"]}}],"collection":[{"href":"http:\/\/svangern.de\/index.php?rest_route=\/wp\/v2\/pages"}],"about":[{"href":"http:\/\/svangern.de\/index.php?rest_route=\/wp\/v2\/types\/page"}],"author":[{"embeddable":true,"href":"http:\/\/svangern.de\/index.php?rest_route=\/wp\/v2\/users\/1"}],"replies":[{"embeddable":true,"href":"http:\/\/svangern.de\/index.php?rest_route=%2Fwp%2Fv2%2Fcomments&post=621"}],"version-history":[{"count":1,"href":"http:\/\/svangern.de\/index.php?rest_route=\/wp\/v2\/pages\/621\/revisions"}],"predecessor-version":[{"id":622,"href":"http:\/\/svangern.de\/index.php?rest_route=\/wp\/v2\/pages\/621\/revisions\/622"}],"up":[{"embeddable":true,"href":"http:\/\/svangern.de\/index.php?rest_route=\/wp\/v2\/pages\/138"}],"wp:attachment":[{"href":"http:\/\/svangern.de\/index.php?rest_route=%2Fwp%2Fv2%2Fmedia&parent=621"}],"curies":[{"name":"wp","href":"https:\/\/api.w.org\/{rel}","templated":true}]}}